{"id":6,"date":"2020-09-16T16:22:07","date_gmt":"2020-09-16T16:22:07","guid":{"rendered":"https:\/\/strandmarie-spo.de\/?page_id=6"},"modified":"2023-02-25T05:37:36","modified_gmt":"2023-02-25T05:37:36","slug":"das-neue-museum-oeffnet-seine-tueren-2","status":"publish","type":"page","link":"https:\/\/strandmarie-spo.de\/","title":{"rendered":"Ferienwohnung Strandmarie"},"content":{"rendered":"<div class=\"wp-block-image\">\n<figure class=\"aligncenter size-large\"><img loading=\"lazy\" decoding=\"async\" width=\"1024\" height=\"683\" src=\"https:\/\/strandmarie-spo.de\/wp-content\/uploads\/2022\/12\/657350F7-29FD-4695-8D1B-DB060C4AE2AE-1024x683.jpeg\" alt=\"\" class=\"wp-image-270\" srcset=\"https:\/\/strandmarie-spo.de\/wp-content\/uploads\/2022\/12\/657350F7-29FD-4695-8D1B-DB060C4AE2AE-1024x683.jpeg 1024w, https:\/\/strandmarie-spo.de\/wp-content\/uploads\/2022\/12\/657350F7-29FD-4695-8D1B-DB060C4AE2AE-300x200.jpeg 300w, https:\/\/strandmarie-spo.de\/wp-content\/uploads\/2022\/12\/657350F7-29FD-4695-8D1B-DB060C4AE2AE-768x512.jpeg 768w, https:\/\/strandmarie-spo.de\/wp-content\/uploads\/2022\/12\/657350F7-29FD-4695-8D1B-DB060C4AE2AE-1536x1024.jpeg 1536w, https:\/\/strandmarie-spo.de\/wp-content\/uploads\/2022\/12\/657350F7-29FD-4695-8D1B-DB060C4AE2AE-2048x1365.jpeg 2048w, https:\/\/strandmarie-spo.de\/wp-content\/uploads\/2022\/12\/657350F7-29FD-4695-8D1B-DB060C4AE2AE-1160x773.jpeg 1160w\" sizes=\"auto, (max-width: 1024px) 100vw, 1024px\" \/><\/figure>\n<\/div>\n\n\n<div class=\"wp-block-group alignwide\"><div class=\"wp-block-group__inner-container is-layout-flow wp-block-group-is-layout-flow\">\n<h2 class=\"has-text-align-center wp-block-heading\">App. 14 &#8211; Haus Loreley<\/h2>\n<\/div><\/div>\n\n\n\n<div class=\"wp-block-columns alignwide is-layout-flex wp-container-core-columns-is-layout-9d6595d7 wp-block-columns-is-layout-flex\">\n<div class=\"wp-block-column is-vertically-aligned-center is-layout-flow wp-block-column-is-layout-flow\"><div class=\"wp-block-image\">\n<figure class=\"aligncenter size-large\"><img loading=\"lazy\" decoding=\"async\" width=\"1024\" height=\"716\" src=\"https:\/\/strandmarie-spo.de\/wp-content\/uploads\/2022\/12\/IMG_2297-1-1024x716.jpeg\" alt=\"\" class=\"wp-image-259\" srcset=\"https:\/\/strandmarie-spo.de\/wp-content\/uploads\/2022\/12\/IMG_2297-1-1024x716.jpeg 1024w, https:\/\/strandmarie-spo.de\/wp-content\/uploads\/2022\/12\/IMG_2297-1-300x210.jpeg 300w, https:\/\/strandmarie-spo.de\/wp-content\/uploads\/2022\/12\/IMG_2297-1-768x537.jpeg 768w, https:\/\/strandmarie-spo.de\/wp-content\/uploads\/2022\/12\/IMG_2297-1-1536x1074.jpeg 1536w, https:\/\/strandmarie-spo.de\/wp-content\/uploads\/2022\/12\/IMG_2297-1-2048x1432.jpeg 2048w, https:\/\/strandmarie-spo.de\/wp-content\/uploads\/2022\/12\/IMG_2297-1-1160x811.jpeg 1160w\" sizes=\"auto, (max-width: 1024px) 100vw, 1024px\" \/><figcaption class=\"wp-element-caption\">gem\u00fctliche Leseecke am Fenster<\/figcaption><\/figure>\n<\/div>\n\n\n<p class=\"has-text-align-center\" style=\"font-size:21px\"><strong>~ Ankommen und Wohlf\u00fchlen im Badzentrum von St. Peter-Ording ~<\/strong><\/p>\n\n\n<div class=\"wp-block-image is-style-default\">\n<figure class=\"aligncenter size-large\"><img loading=\"lazy\" decoding=\"async\" width=\"1024\" height=\"768\" src=\"https:\/\/strandmarie-spo.de\/wp-content\/uploads\/2021\/02\/strandmarie_spo-1024x768.jpg\" alt=\"Appartementhaus Loreley, Ferienwohnung Strandmarie - App. 14, St. Peter-Ording, Im Bad 37\" class=\"wp-image-130\" srcset=\"https:\/\/strandmarie-spo.de\/wp-content\/uploads\/2021\/02\/strandmarie_spo-1024x768.jpg 1024w, https:\/\/strandmarie-spo.de\/wp-content\/uploads\/2021\/02\/strandmarie_spo-300x225.jpg 300w, https:\/\/strandmarie-spo.de\/wp-content\/uploads\/2021\/02\/strandmarie_spo-768x576.jpg 768w, https:\/\/strandmarie-spo.de\/wp-content\/uploads\/2021\/02\/strandmarie_spo-1536x1152.jpg 1536w, https:\/\/strandmarie-spo.de\/wp-content\/uploads\/2021\/02\/strandmarie_spo-1160x870.jpg 1160w, https:\/\/strandmarie-spo.de\/wp-content\/uploads\/2021\/02\/strandmarie_spo.jpg 2048w\" sizes=\"auto, (max-width: 1024px) 100vw, 1024px\" \/><\/figure>\n<\/div>\n\n\n<div style=\"height:13px\" aria-hidden=\"true\" class=\"wp-block-spacer\"><\/div>\n\n\n\n<p class=\"has-text-align-left\">Sehr zentral gelegen im Ortsteil Bad liegt unsere hochwertig sanierte kleine Ferienwohnung Strandmarie. Die Wohnung befindet sich im Appartementhaus Loreley im&nbsp;1. OG mit sch\u00f6nem Balkon zur Sonnenseite (S\u00fcdwest !) und ist ideal f\u00fcr eine oder zwei Personen. Das Appartement wurde zuletzt im Dezember 2020  renoviert und ist allergikerfreundlich ganz ohne Teppichboden.<\/p>\n\n\n\n<p>Direkt hinter dem Haus beginnen sch\u00f6ne Wanderwege durch D\u00fcnen und Kiefernwald. Auch zum Strand ist es zu Fu\u00df nicht weit, der Strand\u00fcbergang neben Gosch ist ca. 550 m entfernt.<\/p>\n\n\n\n<div style=\"height:13px\" aria-hidden=\"true\" class=\"wp-block-spacer\"><\/div>\n\n\n\n<figure class=\"wp-block-image size-large\"><img loading=\"lazy\" decoding=\"async\" width=\"1024\" height=\"683\" src=\"https:\/\/strandmarie-spo.de\/wp-content\/uploads\/2022\/12\/IMG_2289-2-1024x683.jpeg\" alt=\"\" class=\"wp-image-265\" srcset=\"https:\/\/strandmarie-spo.de\/wp-content\/uploads\/2022\/12\/IMG_2289-2-1024x683.jpeg 1024w, https:\/\/strandmarie-spo.de\/wp-content\/uploads\/2022\/12\/IMG_2289-2-300x200.jpeg 300w, https:\/\/strandmarie-spo.de\/wp-content\/uploads\/2022\/12\/IMG_2289-2-768x512.jpeg 768w, https:\/\/strandmarie-spo.de\/wp-content\/uploads\/2022\/12\/IMG_2289-2-1536x1024.jpeg 1536w, https:\/\/strandmarie-spo.de\/wp-content\/uploads\/2022\/12\/IMG_2289-2-2048x1365.jpeg 2048w, https:\/\/strandmarie-spo.de\/wp-content\/uploads\/2022\/12\/IMG_2289-2-1160x773.jpeg 1160w\" sizes=\"auto, (max-width: 1024px) 100vw, 1024px\" \/><\/figure>\n\n\n\n<div style=\"height:20px\" aria-hidden=\"true\" class=\"wp-block-spacer\"><\/div>\n\n\n\n<div class=\"wp-block-media-text alignwide is-stacked-on-mobile\"><figure class=\"wp-block-media-text__media\"><img loading=\"lazy\" decoding=\"async\" width=\"2511\" height=\"2560\" src=\"https:\/\/strandmarie-spo.de\/wp-content\/uploads\/2021\/02\/Strandmarie_Kueche_-scaled.jpg\" alt=\"\" class=\"wp-image-132 size-full\" srcset=\"https:\/\/strandmarie-spo.de\/wp-content\/uploads\/2021\/02\/Strandmarie_Kueche_-scaled.jpg 2511w, https:\/\/strandmarie-spo.de\/wp-content\/uploads\/2021\/02\/Strandmarie_Kueche_-294x300.jpg 294w, https:\/\/strandmarie-spo.de\/wp-content\/uploads\/2021\/02\/Strandmarie_Kueche_-1004x1024.jpg 1004w, https:\/\/strandmarie-spo.de\/wp-content\/uploads\/2021\/02\/Strandmarie_Kueche_-768x783.jpg 768w, https:\/\/strandmarie-spo.de\/wp-content\/uploads\/2021\/02\/Strandmarie_Kueche_-1507x1536.jpg 1507w, https:\/\/strandmarie-spo.de\/wp-content\/uploads\/2021\/02\/Strandmarie_Kueche_-2009x2048.jpg 2009w, https:\/\/strandmarie-spo.de\/wp-content\/uploads\/2021\/02\/Strandmarie_Kueche_-1160x1183.jpg 1160w, https:\/\/strandmarie-spo.de\/wp-content\/uploads\/2021\/02\/Strandmarie_Kueche_-75x75.jpg 75w\" sizes=\"auto, (max-width: 2511px) 100vw, 2511px\" \/><\/figure><div class=\"wp-block-media-text__content\">\n<p>Die Einrichtung der Wohnung ist hochwertig und wurde liebevoll ausgesucht. Die kleine K\u00fcche ist modern und u.a. mit Geschirrsp\u00fclmaschine, Mikrowelle, 4-Sterne-Gefrierfach und Cerankochfeld gut ausgestattet.<\/p>\n<\/div><\/div>\n\n\n\n<div style=\"height:20px\" aria-hidden=\"true\" class=\"wp-block-spacer\"><\/div>\n\n\n\n<figure class=\"wp-block-image size-large is-style-default\"><img loading=\"lazy\" decoding=\"async\" width=\"1024\" height=\"776\" src=\"https:\/\/strandmarie-spo.de\/wp-content\/uploads\/2020\/09\/Strandmarie_Kueche-1024x776.jpeg\" alt=\"K\u00fcche Haus Loreley App. 14\" class=\"wp-image-58\" srcset=\"https:\/\/strandmarie-spo.de\/wp-content\/uploads\/2020\/09\/Strandmarie_Kueche-1024x776.jpeg 1024w, https:\/\/strandmarie-spo.de\/wp-content\/uploads\/2020\/09\/Strandmarie_Kueche-300x227.jpeg 300w, https:\/\/strandmarie-spo.de\/wp-content\/uploads\/2020\/09\/Strandmarie_Kueche-768x582.jpeg 768w, https:\/\/strandmarie-spo.de\/wp-content\/uploads\/2020\/09\/Strandmarie_Kueche-1536x1163.jpeg 1536w, https:\/\/strandmarie-spo.de\/wp-content\/uploads\/2020\/09\/Strandmarie_Kueche-2048x1551.jpeg 2048w, https:\/\/strandmarie-spo.de\/wp-content\/uploads\/2020\/09\/Strandmarie_Kueche-500x380.jpeg 500w\" sizes=\"auto, (max-width: 1024px) 100vw, 1024px\" \/><figcaption class=\"wp-element-caption\">Appartementhaus Loreley, Ferienwohnung Strandmarie &#8211; App. 14, St. Peter-Ording, Im Bad 37<\/figcaption><\/figure>\n\n\n\n<div style=\"height:20px\" aria-hidden=\"true\" class=\"wp-block-spacer\"><\/div>\n\n\n\n<div class=\"wp-block-media-text alignwide is-stacked-on-mobile\"><figure class=\"wp-block-media-text__media\"><img loading=\"lazy\" decoding=\"async\" width=\"1024\" height=\"768\" src=\"https:\/\/strandmarie-spo.de\/wp-content\/uploads\/2021\/02\/Esstisch-2-1024x768.jpg\" alt=\"\" class=\"wp-image-159 size-full\" srcset=\"https:\/\/strandmarie-spo.de\/wp-content\/uploads\/2021\/02\/Esstisch-2-1024x768.jpg 1024w, https:\/\/strandmarie-spo.de\/wp-content\/uploads\/2021\/02\/Esstisch-2-300x225.jpg 300w, https:\/\/strandmarie-spo.de\/wp-content\/uploads\/2021\/02\/Esstisch-2-768x576.jpg 768w, https:\/\/strandmarie-spo.de\/wp-content\/uploads\/2021\/02\/Esstisch-2-1536x1152.jpg 1536w, https:\/\/strandmarie-spo.de\/wp-content\/uploads\/2021\/02\/Esstisch-2-2048x1536.jpg 2048w, https:\/\/strandmarie-spo.de\/wp-content\/uploads\/2021\/02\/Esstisch-2-1160x870.jpg 1160w\" sizes=\"auto, (max-width: 1024px) 100vw, 1024px\" \/><\/figure><div class=\"wp-block-media-text__content\">\n<p>Vom windgesch\u00fctzten und \u00fcberdachten Balkon k\u00f6nnen Sie&nbsp;das Leben des Ortskerns entlang der Flaniermeile mit diversen Restaurants und L\u00e4den verfolgen oder einfach den Tag in der Abendsonne am kleinen Esstisch direkt vorm Fenster ausklingen lassen.<\/p>\n<\/div><\/div>\n\n\n\n<div style=\"height:12px\" aria-hidden=\"true\" class=\"wp-block-spacer\"><\/div>\n\n\n\n<p>Gut geeignet ist die Unterkunft auch f\u00fcr eine ambulante Badekur oder Begleitpersonen von Reha-G\u00e4sten. Die Gesundheitsklinik Stadt Hamburg und die &nbsp;Strandklinik sind in der N\u00e4he und auch die D\u00fcnen-Therme ist nur einen Katzensprung entfernt.<\/p>\n\n\n\n<div style=\"height:12px\" aria-hidden=\"true\" class=\"wp-block-spacer\"><\/div>\n\n\n\n<div class=\"wp-block-media-text alignwide is-stacked-on-mobile\"><figure class=\"wp-block-media-text__media\"><img loading=\"lazy\" decoding=\"async\" width=\"1024\" height=\"683\" src=\"https:\/\/strandmarie-spo.de\/wp-content\/uploads\/2020\/09\/Strandmarie_Bad_03-1024x683.jpeg\" alt=\"Dusche Loreley App. 14\" class=\"wp-image-53 size-full\" srcset=\"https:\/\/strandmarie-spo.de\/wp-content\/uploads\/2020\/09\/Strandmarie_Bad_03-1024x683.jpeg 1024w, https:\/\/strandmarie-spo.de\/wp-content\/uploads\/2020\/09\/Strandmarie_Bad_03-300x200.jpeg 300w, https:\/\/strandmarie-spo.de\/wp-content\/uploads\/2020\/09\/Strandmarie_Bad_03-768x512.jpeg 768w, https:\/\/strandmarie-spo.de\/wp-content\/uploads\/2020\/09\/Strandmarie_Bad_03-2048x1365.jpeg 2048w\" sizes=\"auto, (max-width: 1024px) 100vw, 1024px\" \/><\/figure><div class=\"wp-block-media-text__content\">\n<p class=\"has-text-align-left\">Das Badezimmer ist zwar klein aber fein und verf\u00fcgt \u00fcber eine Rainshower-Dusche mit Glasabtrennung, Handtuchheizung und \u00fcber viele Ablagem\u00f6glichkeiten.<\/p>\n<\/div><\/div>\n\n\n\n<div style=\"height:24px\" aria-hidden=\"true\" class=\"wp-block-spacer\"><\/div>\n\n\n\n<figure class=\"wp-block-image size-large is-style-default\"><img loading=\"lazy\" decoding=\"async\" width=\"1024\" height=\"702\" src=\"https:\/\/strandmarie-spo.de\/wp-content\/uploads\/2020\/09\/Strandmarie_Bad_01-1024x702.jpeg\" alt=\"Bad Loreley App. 14\" class=\"wp-image-51\" srcset=\"https:\/\/strandmarie-spo.de\/wp-content\/uploads\/2020\/09\/Strandmarie_Bad_01-1024x702.jpeg 1024w, https:\/\/strandmarie-spo.de\/wp-content\/uploads\/2020\/09\/Strandmarie_Bad_01-300x206.jpeg 300w, https:\/\/strandmarie-spo.de\/wp-content\/uploads\/2020\/09\/Strandmarie_Bad_01-768x527.jpeg 768w, https:\/\/strandmarie-spo.de\/wp-content\/uploads\/2020\/09\/Strandmarie_Bad_01-2048x1404.jpeg 2048w\" sizes=\"auto, (max-width: 1024px) 100vw, 1024px\" \/><\/figure>\n\n\n\n<div style=\"height:21px\" aria-hidden=\"true\" class=\"wp-block-spacer\"><\/div>\n\n\n\n<p>Die Betten werden vor Anreise f\u00fcr Sie frisch bezogen, damit der Urlaub von Anfang an entspannt beginnen kann. Ausreichend Handt\u00fccher stehen ebenfalls zur Verf\u00fcgung und die Kurkarten liegen f\u00fcr Sie ebenfalls bereit.<\/p>\n\n\n\n<div class=\"wp-block-media-text alignwide is-stacked-on-mobile\"><figure class=\"wp-block-media-text__media\"><img loading=\"lazy\" decoding=\"async\" width=\"1024\" height=\"683\" src=\"https:\/\/strandmarie-spo.de\/wp-content\/uploads\/2022\/12\/IMG_2287-1024x683.jpeg\" alt=\"\" class=\"wp-image-260 size-full\" srcset=\"https:\/\/strandmarie-spo.de\/wp-content\/uploads\/2022\/12\/IMG_2287-1024x683.jpeg 1024w, https:\/\/strandmarie-spo.de\/wp-content\/uploads\/2022\/12\/IMG_2287-300x200.jpeg 300w, https:\/\/strandmarie-spo.de\/wp-content\/uploads\/2022\/12\/IMG_2287-768x512.jpeg 768w, https:\/\/strandmarie-spo.de\/wp-content\/uploads\/2022\/12\/IMG_2287-1536x1024.jpeg 1536w, https:\/\/strandmarie-spo.de\/wp-content\/uploads\/2022\/12\/IMG_2287-2048x1365.jpeg 2048w, https:\/\/strandmarie-spo.de\/wp-content\/uploads\/2022\/12\/IMG_2287-1160x773.jpeg 1160w\" sizes=\"auto, (max-width: 1024px) 100vw, 1024px\" \/><\/figure><div class=\"wp-block-media-text__content\">\n<p>Tags\u00fcber k\u00f6nnen Sie den Wohnraum voll nutzen ohne den Anblick auf ein st\u00f6rendes Bett. Abends lassen sich die hochwertigen Betten mit Markenmatratzen und verstellbaren Lattenrosten schnell runterklappen und der Wohnraum wird zum Schlafraum. Aufgrund einer Druckfeder lassen sich die Betten federleicht rauf- und runterklappen, auch einzeln falls Sie alleine reisen.<\/p>\n\n\n\n<p><\/p>\n\n\n\n<p><\/p>\n<\/div><\/div>\n\n\n\n<div style=\"height:13px\" aria-hidden=\"true\" class=\"wp-block-spacer\"><\/div>\n\n\n\n<p class=\"has-text-align-center has-black-color has-text-color has-background\" style=\"background-color:#b4ccd6\"><strong>&nbsp; &nbsp; &nbsp; &nbsp; &nbsp; &nbsp; &nbsp; &nbsp; &nbsp; ****&nbsp;Bettw\u00e4sche und Handt\u00fccher kostenfrei ****<\/strong><\/p>\n\n\n\n<div style=\"height:20px\" aria-hidden=\"true\" class=\"wp-block-spacer\"><\/div>\n\n\n\n<div style=\"height:14px\" aria-hidden=\"true\" class=\"wp-block-spacer\"><\/div>\n\n\n<div class=\"wp-block-image is-style-default\">\n<figure class=\"aligncenter size-large is-resized\"><img loading=\"lazy\" decoding=\"async\" src=\"https:\/\/strandmarie-spo.de\/wp-content\/uploads\/2020\/09\/Appartementhaus_Loreley_Nr_14-1024x768.jpg\" alt=\"Appartementhaus Loreley App. 14\" class=\"wp-image-50\" width=\"768\" height=\"576\" srcset=\"https:\/\/strandmarie-spo.de\/wp-content\/uploads\/2020\/09\/Appartementhaus_Loreley_Nr_14-1024x768.jpg 1024w, https:\/\/strandmarie-spo.de\/wp-content\/uploads\/2020\/09\/Appartementhaus_Loreley_Nr_14-300x225.jpg 300w, https:\/\/strandmarie-spo.de\/wp-content\/uploads\/2020\/09\/Appartementhaus_Loreley_Nr_14-768x576.jpg 768w, https:\/\/strandmarie-spo.de\/wp-content\/uploads\/2020\/09\/Appartementhaus_Loreley_Nr_14-1536x1152.jpg 1536w, https:\/\/strandmarie-spo.de\/wp-content\/uploads\/2020\/09\/Appartementhaus_Loreley_Nr_14-2048x1536.jpg 2048w\" sizes=\"auto, (max-width: 768px) 100vw, 768px\" \/><figcaption class=\"wp-element-caption\">Appartementhaus Loreley, Ferienwohnung Strandmarie &#8211; App. 14, St. Peter-Ording, Im Bad 37<\/figcaption><\/figure>\n<\/div>\n\n<div class=\"wp-block-image\">\n<figure class=\"aligncenter size-large is-resized\"><img loading=\"lazy\" decoding=\"async\" src=\"https:\/\/strandmarie-spo.de\/wp-content\/uploads\/2021\/02\/Parken-Strandmarie-1024x247.jpg\" alt=\"Parkplatz Haus Loreley, Im Bad 37, 25826 St. Peter-Ording\" class=\"wp-image-180\" width=\"512\" height=\"124\" srcset=\"https:\/\/strandmarie-spo.de\/wp-content\/uploads\/2021\/02\/Parken-Strandmarie-1024x247.jpg 1024w, https:\/\/strandmarie-spo.de\/wp-content\/uploads\/2021\/02\/Parken-Strandmarie-300x72.jpg 300w, https:\/\/strandmarie-spo.de\/wp-content\/uploads\/2021\/02\/Parken-Strandmarie-768x186.jpg 768w, https:\/\/strandmarie-spo.de\/wp-content\/uploads\/2021\/02\/Parken-Strandmarie-1536x371.jpg 1536w, https:\/\/strandmarie-spo.de\/wp-content\/uploads\/2021\/02\/Parken-Strandmarie-2048x495.jpg 2048w, https:\/\/strandmarie-spo.de\/wp-content\/uploads\/2021\/02\/Parken-Strandmarie-1160x280.jpg 1160w\" sizes=\"auto, (max-width: 512px) 100vw, 512px\" \/><\/figure>\n<\/div>\n\n\n<div style=\"height:9px\" aria-hidden=\"true\" class=\"wp-block-spacer\"><\/div>\n\n\n\n<div class=\"wp-block-media-text alignwide is-stacked-on-mobile\"><figure class=\"wp-block-media-text__media\"><img loading=\"lazy\" decoding=\"async\" width=\"1024\" height=\"683\" src=\"https:\/\/strandmarie-spo.de\/wp-content\/uploads\/2021\/02\/Parkplatz-in-der-Tiefgarage-1024x683.png\" alt=\"Parkplatz Haus Loreley, Im Bad 37, 25826 St. Peter-Ording\" class=\"wp-image-178 size-full\" srcset=\"https:\/\/strandmarie-spo.de\/wp-content\/uploads\/2021\/02\/Parkplatz-in-der-Tiefgarage-1024x683.png 1024w, https:\/\/strandmarie-spo.de\/wp-content\/uploads\/2021\/02\/Parkplatz-in-der-Tiefgarage-300x200.png 300w, https:\/\/strandmarie-spo.de\/wp-content\/uploads\/2021\/02\/Parkplatz-in-der-Tiefgarage-768x512.png 768w, https:\/\/strandmarie-spo.de\/wp-content\/uploads\/2021\/02\/Parkplatz-in-der-Tiefgarage-1536x1024.png 1536w, https:\/\/strandmarie-spo.de\/wp-content\/uploads\/2021\/02\/Parkplatz-in-der-Tiefgarage-2048x1365.png 2048w, https:\/\/strandmarie-spo.de\/wp-content\/uploads\/2021\/02\/Parkplatz-in-der-Tiefgarage-1160x773.png 1160w\" sizes=\"auto, (max-width: 1024px) 100vw, 1024px\" \/><\/figure><div class=\"wp-block-media-text__content\">\n<p>Ihren Pkw k\u00f6nnen Sie auf den f\u00fcr Sie reservierten Pkw-Stellplatz Nr. 14 in der hauseigenen u. abgeschlossenen Tiefgarage kostenlos abstellen. Auch Fahrr\u00e4der k\u00f6nnen bei Bedarf noch vor dem Wagen abgestellt werden. Ein Fahrradverleih befindet sich im Haus, weitere gibt es in der unmittelbaren N\u00e4he.&nbsp;<\/p>\n<\/div><\/div>\n\n\n\n<div style=\"height:27px\" aria-hidden=\"true\" class=\"wp-block-spacer\"><\/div>\n\n\n\n<div class=\"wp-block-group\"><div class=\"wp-block-group__inner-container is-layout-flow wp-block-group-is-layout-flow\"><div class=\"wp-block-image\">\n<figure class=\"aligncenter size-large is-resized\"><img loading=\"lazy\" decoding=\"async\" src=\"https:\/\/strandmarie-spo.de\/wp-content\/uploads\/2021\/02\/Blick-vom-Balkon-im-Winter_2-1-1024x585.jpg\" alt=\"\" class=\"wp-image-161\" width=\"768\" height=\"439\" srcset=\"https:\/\/strandmarie-spo.de\/wp-content\/uploads\/2021\/02\/Blick-vom-Balkon-im-Winter_2-1-1024x585.jpg 1024w, https:\/\/strandmarie-spo.de\/wp-content\/uploads\/2021\/02\/Blick-vom-Balkon-im-Winter_2-1-300x171.jpg 300w, https:\/\/strandmarie-spo.de\/wp-content\/uploads\/2021\/02\/Blick-vom-Balkon-im-Winter_2-1-768x439.jpg 768w, https:\/\/strandmarie-spo.de\/wp-content\/uploads\/2021\/02\/Blick-vom-Balkon-im-Winter_2-1-1536x878.jpg 1536w, https:\/\/strandmarie-spo.de\/wp-content\/uploads\/2021\/02\/Blick-vom-Balkon-im-Winter_2-1-2048x1170.jpg 2048w, https:\/\/strandmarie-spo.de\/wp-content\/uploads\/2021\/02\/Blick-vom-Balkon-im-Winter_2-1-1160x663.jpg 1160w\" sizes=\"auto, (max-width: 768px) 100vw, 768px\" \/><figcaption class=\"wp-element-caption\">Der Ausblick vom Balkon ist auch im Winter sch\u00f6n.<\/figcaption><\/figure>\n<\/div><\/div><\/div>\n<\/div>\n<\/div>\n\n\n\n<div style=\"height:25px\" aria-hidden=\"true\" class=\"wp-block-spacer\"><\/div>\n","protected":false},"excerpt":{"rendered":"<p>App. 14 &#8211; Haus Loreley ~ Ankommen und Wohlf\u00fchlen im Badzentrum von St. Peter-Ording ~ Sehr zentral gelegen im Ortsteil Bad liegt unsere hochwertig sanierte kleine Ferienwohnung Strandmarie. Die Wohnung befindet sich im Appartementhaus Loreley im&nbsp;1. OG mit sch\u00f6nem Balkon zur Sonnenseite (S\u00fcdwest !) und ist ideal f\u00fcr eine oder zwei Personen. Das Appartement wurde zuletzt im Dezember 2020 renoviert und ist allergikerfreundlich ganz ohne Teppichboden. Direkt hinter dem Haus beginnen sch\u00f6ne Wanderwege durch D\u00fcnen und Kiefernwald. Auch zum Strand ist es zu Fu\u00df nicht weit, der Strand\u00fcbergang neben Gosch ist ca. 550 m entfernt. Die Einrichtung der Wohnung ist hochwertig und wurde liebevoll ausgesucht. Die kleine K\u00fcche ist modern und u.a. mit Geschirrsp\u00fclmaschine, Mikrowelle, 4-Sterne-Gefrierfach und Cerankochfeld gut ausgestattet. Vom windgesch\u00fctzten und \u00fcberdachten Balkon k\u00f6nnen Sie&nbsp;das Leben des Ortskerns entlang der Flaniermeile mit diversen Restaurants und L\u00e4den verfolgen oder einfach den Tag in der Abendsonne am kleinen Esstisch direkt vorm Fenster ausklingen lassen. Gut geeignet ist die Unterkunft auch f\u00fcr eine ambulante Badekur oder Begleitpersonen von Reha-G\u00e4sten. Die Gesundheitsklinik Stadt Hamburg und die &nbsp;Strandklinik sind in der N\u00e4he und auch die D\u00fcnen-Therme ist nur einen Katzensprung entfernt. Das Badezimmer ist zwar klein aber fein und verf\u00fcgt \u00fcber eine Rainshower-Dusche mit Glasabtrennung, Handtuchheizung und \u00fcber viele Ablagem\u00f6glichkeiten. Die Betten werden vor Anreise f\u00fcr Sie frisch bezogen, damit der Urlaub von Anfang an entspannt beginnen kann. Ausreichend Handt\u00fccher stehen ebenfalls zur Verf\u00fcgung und die Kurkarten liegen f\u00fcr Sie ebenfalls bereit. Tags\u00fcber k\u00f6nnen Sie den Wohnraum voll nutzen ohne den Anblick auf ein st\u00f6rendes Bett. Abends lassen sich die hochwertigen Betten mit Markenmatratzen und verstellbaren Lattenrosten schnell runterklappen und der Wohnraum wird zum Schlafraum. Aufgrund einer Druckfeder lassen sich die Betten federleicht rauf- und runterklappen, auch einzeln falls Sie alleine reisen. &nbsp; &nbsp; &nbsp; &nbsp; &nbsp; &nbsp; &nbsp; &nbsp; &nbsp; ****&nbsp;Bettw\u00e4sche und Handt\u00fccher kostenfrei **** Ihren Pkw k\u00f6nnen Sie auf den f\u00fcr Sie reservierten Pkw-Stellplatz Nr. 14 in der hauseigenen u. abgeschlossenen Tiefgarage kostenlos abstellen. Auch Fahrr\u00e4der k\u00f6nnen bei Bedarf noch vor dem Wagen abgestellt werden. Ein Fahrradverleih befindet sich im Haus, weitere gibt es in der unmittelbaren N\u00e4he.&nbsp;<\/p>\n","protected":false},"author":1,"featured_media":0,"parent":0,"menu_order":0,"comment_status":"closed","ping_status":"closed","template":"","meta":{"footnotes":""},"class_list":["post-6","page","type-page","status-publish","hentry"],"acf":[],"_links":{"self":[{"href":"https:\/\/strandmarie-spo.de\/index.php?rest_route=\/wp\/v2\/pages\/6","targetHints":{"allow":["GET"]}}],"collection":[{"href":"https:\/\/strandmarie-spo.de\/index.php?rest_route=\/wp\/v2\/pages"}],"about":[{"href":"https:\/\/strandmarie-spo.de\/index.php?rest_route=\/wp\/v2\/types\/page"}],"author":[{"embeddable":true,"href":"https:\/\/strandmarie-spo.de\/index.php?rest_route=\/wp\/v2\/users\/1"}],"replies":[{"embeddable":true,"href":"https:\/\/strandmarie-spo.de\/index.php?rest_route=%2Fwp%2Fv2%2Fcomments&post=6"}],"version-history":[{"count":43,"href":"https:\/\/strandmarie-spo.de\/index.php?rest_route=\/wp\/v2\/pages\/6\/revisions"}],"predecessor-version":[{"id":347,"href":"https:\/\/strandmarie-spo.de\/index.php?rest_route=\/wp\/v2\/pages\/6\/revisions\/347"}],"wp:attachment":[{"href":"https:\/\/strandmarie-spo.de\/index.php?rest_route=%2Fwp%2Fv2%2Fmedia&parent=6"}],"curies":[{"name":"wp","href":"https:\/\/api.w.org\/{rel}","templated":true}]}}